usands digit of 20442?
0
What is the ten thousands digit of 2720466?
2
What is the thousands digit of 210176?
0
What is the thousands digit of 25194758?
4
What is the ten millions digit of 11260616?
1
What is the millions digit of 9934825?
9
What is the hundred thousands digit of 2445377?
4
What is the ten thousands digit of 717635?
1
What is the thousands digit of 85002?
5
What is the hundred thousands digit of 5498606?
4
What is the hundreds digit of 798788?
7
What is the hundreds digit of 1113207?
2
What is the units digit of 5396014?
4
What is the hundred thousands digit of 13525762?
5
What is the hundred thousands digit of 4084873?
0
What is the millions digit of 1064833?
1
What is the units digit of 35855089?
9
What is the hundred thousands digit of 230975?
2
What is the hundreds digit of 15493401?
4
What is the units digit of 133302?
2
What is the units digit of 3124508?
8
What is the millions digit of 1542711?
1
What is the hundred thousands digit of 13667175?
6
What is the thousands digit of 1121122?
1
What is the thousands digit of 60453?
0
What is the hundred thousands digit of 560194?
5
What is the ten millions digit of 11826152?
1
What is the ten thousands digit of 127183?
2
What is the ten millions digit of 16954557?
1
What is the hundred thousands digit of 328481?
3
What is the units digit of 2233768?
8
What is the units digit of 570643?
3
What is the ten thousands digit of 400112?
0
What is the units digit of 2102053?
3
What is the thousands digit of 561184?
1
What is the tens digit of 184620?
2
What is the units digit of 337947?
7
What is the hundreds digit of 544123?
1
What is the hundred thousands digit of 2249172?
2
What is the hundred thousands digit of 1075191?
0
What is the thousands digit of 157556?
7
What is the thousands digit of 179810?
9
What is the millions digit of 6810072?
6
What is the hundreds digit of 11678267?
2
What is the thousands digit of 6041219?
1
What is the hundred thousands digit of 969130?
9
What is the hundred thousands digit of 1162772?
1
What is the ten millions digit of 13378338?
1
What is the units digit of 28967?
7
What is the hundred thousands digit of 1155864?
1
What is the units digit of 588525?
5
What is the thousands digit of 36564779?
4
What is the hundreds digit of 9191246?
2
What is the hundreds digit of 1244904?
9
What is the hundreds digit of 67609?
6
What is the hundreds digit of 10457425?
4
What is the tens digit of 221353?
5
What is the thousands digit of 3658270?
8
What is the hundreds digit of 198175?
1
What is the hundreds digit of 45652?
6
What is the thousands digit of 131427?
1
What is the hundreds digit of 654296?
2
What is the millions digit of 8815279?
8
What is the thousands digit of 834672?
4
What is the ten thousands digit of 244376?
4
What is the tens digit of 9885981?
8
What is the ten thousands digit of 3787014?
8
What is the hundred thousands digit of 823721?
8
What is the ten millions digit of 14263013?
1
What is the tens digit of 3235696?
9
What is the thousands digit of 1109628?
9
What is the hundred thousands digit of 232944?
2
What is the ten millions digit of 17228916?
1
What is the tens digit of 396471?
7
What is the hundred thousands digit of 6113041?
1
What is the ten thousands digit of 622171?
2
What is the hundred thousands digit of 430104?
4
What is the tens digit of 2729870?
7
What is the hundred thousands digit of 7112165?
1
What is the hundred thousands digit of 3014336?
0
What is the tens digit of 474912?
1
What is the units digit of 8378394?
4
What is the units digit of 1255520?
0
What is the hundreds digit of 355275?
2
What is the ten thousands digit of 116912?
1
What is the ten thousands digit of 8011577?
1
What is the thousands digit of 27498835?
8
What is the hundred thousands digit of 582176?
5
What is the thousands digit of 6102684?
2
What is the hundreds digit of 1163765?
7
What is the tens digit of 1975242?
4
What is the thousands digit of 145562?
5
What is the hundreds digit of 247036?
0
What is the units digit of 3961325?
5
What is the tens digit of 39723083?
8
What is the thousands digit of 1983168?
3
What is the thousands digit of 5114952?
4
What is the thousands digit of 2902495?
2
What is the thousands digit of 2829702?
9
What is the hundreds digit of 648795?
7
What is the thousands digit of 331903?
1
What is the thousands digit of 124219?
4
What is the tens digit of 372415?
1
What is the ten thousands digit of 23154635?
5
What is the millions digit of 8924339?
8
What is the ten thousands digit of 348576?
4
What is the hundred thousands digit of 8311985?
3
What is the hundreds digit of 882041?
0
What is the ten thousands digit of 345369?
4
What is the hundreds digit of 73523?
5
What is the hundred thousands digit of 10163878?
1
What is the tens digit of 5457266?
6
What is the hundreds digit of 598318?
3
What is the units digit of 11415843?
3
What is the ten thousands digit of 3448938?
4
What is the thousands digit of 1997294?
7
What is the ten thousands digit of 34144?
3
What is the tens digit of 2244485?
8
What is the units digit of 524266?
6
What is the thousands digit of 2550679?
0
What is the tens digit of 13443735?
3
What is the hundreds digit of 1272763?
7
What is the tens digit of 472667?
6
What is the hundred thousands digit of 413466?
4
What is the thousands digit of 9580694?
0
What is the ten thousands digit of 1616104?
1
What is the thousands digit of 35870?
5
What is the units digit of 2823593?
3
What is the units digit of 221804?
4
What is the hundreds digit of 3697121?
1
What is the hundred thousands digit of 1990965?
9
What is the ten thousands digit of 5146903?
4
What is the tens digit of 41251?
5
What is the hundred thousands digit of 166037?
1
What is the hundred thousands digit of 259288?
2
What is the ten millions digit of 13858245?
1
What is the hundreds digit of 1843666?
6
What is the hundred thousands digit of 3466539?
4
What is the hundred thousands digit of 19957551?
9
What is the ten thousands digit of 28670?
2
What is the tens digit of 9761999?
9
What is the units digit of 262235?
5
What is the ten thousands digit of 290301?
9
What is the units digit of 102982?
2
What is the tens digit of 6668152?
5
What is the ten thousands digit of 3704710?
0
What is the ten millions digit of 12151463?
1
What is the thousands digit of 152459?
2
What is the ten millions digit of 11361759?
1
What is the thousands digit of 11422440?
2
What is the units digit of 23740638?
8
What is the units digit of 8241815?
5
What is the thousands digit of 6627077?
7
What is the units digit of 2821679?
9
What is the hundreds digit of 185539?
5
What is the hundreds digit of 10505814?
8
What is the ten thousands digit of 216332?
1
What is the hundreds digit of 868736?
7
What is the ten thousands digit of 26561343?
6
What is the tens digit of 14715933?
3
What is the millions digit of 1643717?
1
What is the thousands digit of 3125705?
5
What is the thousands digit of 317396?
7
What is the units digit of 160474?
4
What is the thousands digit of 6958482?
8
What is the thousands digit of 7988725?
8
What is the hundred thousands digit of 12039104?
0
What is the tens digit of 1579297?
9
What is the hundreds digit of 55483?
4
What is the units digit of 466894?
4
What is the ten thousands digit of 996619?
9
What is the units digit of 268607?
7
What is the millions digit of 1921670?
1
What is the hundred thousands digit of 160707?
1
What is the tens digit of 5265743?
4
What is the tens digit of 3050180?
8
What is the ten thousands digit of 9413545?
1
What is the hundred thousands digit of 2205883?
2
What is the units digit of 265756?
6
What is the hundred thousands digit of 8734095?
7
What is the hundred thousands digit of 15028976?
0
What is the ten millions digit of 32892756?
3
What is the thousands digit of 14558651?
8
What is the units digit of 13808?
8
What is the hundred thousands digit of 520810?
5
What is the millions digit of 1121373?
1
What is the units digit of 5675564?
4
What is the hundred thousands digit of 1085074?
0
What is the tens digit of 15896199?
9
What is the units digit of 3099354?
4
What is the millions digit of 2674712?
2
What is the thousands digit of 1573436?
3
What is the tens digit of 11172962?
6
What is the ten thousan